{"id":37,"date":"2018-07-11T08:13:10","date_gmt":"2018-07-11T08:13:10","guid":{"rendered":"http:\/\/tonatheme.com\/m3\/bari\/?page_id=37"},"modified":"2018-07-11T08:13:10","modified_gmt":"2018-07-11T08:13:10","slug":"blog-missionary","status":"publish","type":"page","link":"https:\/\/maxencebacher.com\/index.php\/blog-missionary\/","title":{"rendered":"Blog Missionary"},"content":{"rendered":"<section class=\"kc-elm kc-css-739247 kc_row\"><div class=\"kc-row-container  kc-container\"><div class=\"kc-wrap-columns\"><div class=\"kc-elm kc-css-190389 kc_col-sm-12 kc_column kc_col-sm-12\"><div class=\"kc-col-container\">   \n  <!--Blog Masonry Section-->\n    <div class=\"  blog-masonry-section\">\n    \t<div class=\"auto-container\">\n        \t\n            <div class=\"masonry-items-container row clearfix\">\n\t\t\t\t\t\n            \t\t\t\t\n\t\t\t\t\n \t\t\t\t<div class=\"news-block-two style-two masonry-item col-md-4 col-sm-6 col-xs-12\">\n                    <div class=\"inner-box\">\n                        <div class=\"image\">\n                            <a href=\"https:\/\/maxencebacher.com\/index.php\/2018\/07\/16\/our-street-collection-in-2018\/\"><\/a>\n                        <\/div>\n                        <div class=\"lower-content\">\n                             <h2><a href=\"https:\/\/maxencebacher.com\/index.php\/2018\/07\/16\/our-street-collection-in-2018\/\">Our Street Collection In 2018<\/a><\/h2>\n                            <ul class=\"post-meta\">\n<!--Meta Author-->\t\n\t\n<li>\nBy: Maxence Bacher <\/li>\n<!--Meta Date-->\n\t\n<li>\n16 juillet 2018\n <\/li>\n\n<!--Meta Comment-->\n<li>\nAucun commentaire\t\t\t\t\t\t\t\n <\/li>\n<!--Meta Category-->\n<!--Meta Tags-->\n\t\t\t\n<\/ul>\n                            <div class=\"text\">Leverage agile frameworks to provide a robust synopsis for high level overviews. Iterative approaches to corporate strategy foster collaborative thinking to further the overall value proposition. Organically grow the holistic world view of disruptiveLeverage agile frameworks to provide a robust synopsis for high level overviews. Iterative approaches to corporate strategy ...<\/div>\n                         \n\t\t\t\t\t\t\t\n\t\t\t\t\t\t\t<a href=\"https:\/\/maxencebacher.com\/index.php\/2018\/07\/16\/our-street-collection-in-2018\/\" class=\"read-more\"> Read More  \n<span class=\"arrow flaticon-arrow-pointing-to-right\"><\/span><\/a>\n                        <\/div>\n                    <\/div>\n                <\/div>\n\t\t\t\t \t\n \t\t\t\t<div class=\"news-block-two style-two masonry-item col-md-4 col-sm-6 col-xs-12\">\n                    <div class=\"inner-box\">\n                        <div class=\"image\">\n                            <a href=\"https:\/\/maxencebacher.com\/index.php\/2018\/07\/16\/melancholy-lusting-video-post\/\"><\/a>\n                        <\/div>\n                        <div class=\"lower-content\">\n                             <h2><a href=\"https:\/\/maxencebacher.com\/index.php\/2018\/07\/16\/melancholy-lusting-video-post\/\">Melancholy Lusting Video Post<\/a><\/h2>\n                            <ul class=\"post-meta\">\n<!--Meta Author-->\t\n\t\n<li>\nBy: Maxence Bacher <\/li>\n<!--Meta Date-->\n\t\n<li>\n16 juillet 2018\n <\/li>\n\n<!--Meta Comment-->\n<li>\nAucun commentaire\t\t\t\t\t\t\t\n <\/li>\n<!--Meta Category-->\n<!--Meta Tags-->\n\t\t\t\n<\/ul>\n                            <div class=\"text\">Leverage agile frameworks to provide a robust synopsis for high level overviews. Iterative approaches to<\/div>\n                         \n\t\t\t\t\t\t\t\n\t\t\t\t\t\t\t<a href=\"https:\/\/maxencebacher.com\/index.php\/2018\/07\/16\/melancholy-lusting-video-post\/\" class=\"read-more\"> Read More  \n<span class=\"arrow flaticon-arrow-pointing-to-right\"><\/span><\/a>\n                        <\/div>\n                    <\/div>\n                <\/div>\n\t\t\t\t \t\n \t\t\t\t<div class=\"news-block-two style-two masonry-item col-md-4 col-sm-6 col-xs-12\">\n                    <div class=\"inner-box\">\n                        <div class=\"image\">\n                            <a href=\"https:\/\/maxencebacher.com\/index.php\/2018\/07\/16\/our-street-collection-in-2018-2\/\"><\/a>\n                        <\/div>\n                        <div class=\"lower-content\">\n                             <h2><a href=\"https:\/\/maxencebacher.com\/index.php\/2018\/07\/16\/our-street-collection-in-2018-2\/\">Our Street Collection In 2018<\/a><\/h2>\n                            <ul class=\"post-meta\">\n<!--Meta Author-->\t\n\t\n<li>\nBy: Maxence Bacher <\/li>\n<!--Meta Date-->\n\t\n<li>\n16 juillet 2018\n <\/li>\n\n<!--Meta Comment-->\n<li>\nAucun commentaire\t\t\t\t\t\t\t\n <\/li>\n<!--Meta Category-->\n<!--Meta Tags-->\n\t\t\t\n<\/ul>\n                            <div class=\"text\">Leverage agile frameworks to provide a robust synopsis for high level overviews. Iterative approaches to corporate strategy foster collaborative thinking to further the overall value proposition. Organically grow the holistic world view of disruptiveLeverage agile frameworks to provide a robust synopsis for high level overviews. Iterative approaches to corporate strategy ...<\/div>\n                         \n\t\t\t\t\t\t\t\n\t\t\t\t\t\t\t<a href=\"https:\/\/maxencebacher.com\/index.php\/2018\/07\/16\/our-street-collection-in-2018-2\/\" class=\"read-more\"> Read More  \n<span class=\"arrow flaticon-arrow-pointing-to-right\"><\/span><\/a>\n                        <\/div>\n                    <\/div>\n                <\/div>\n\t\t\t\t \t\n \t\t\t\t<div class=\"news-block-two style-two masonry-item col-md-4 col-sm-6 col-xs-12\">\n                    <div class=\"inner-box\">\n                        <div class=\"image\">\n                            <a href=\"https:\/\/maxencebacher.com\/index.php\/2018\/07\/16\/melancholy-lusting-video-post-2\/\"><\/a>\n                        <\/div>\n                        <div class=\"lower-content\">\n                             <h2><a href=\"https:\/\/maxencebacher.com\/index.php\/2018\/07\/16\/melancholy-lusting-video-post-2\/\">Melancholy Lusting Video Post<\/a><\/h2>\n                            <ul class=\"post-meta\">\n<!--Meta Author-->\t\n\t\n<li>\nBy: Maxence Bacher <\/li>\n<!--Meta Date-->\n\t\n<li>\n16 juillet 2018\n <\/li>\n\n<!--Meta Comment-->\n<li>\nAucun commentaire\t\t\t\t\t\t\t\n <\/li>\n<!--Meta Category-->\n<!--Meta Tags-->\n\t\t\t\n<\/ul>\n                            <div class=\"text\">Leverage agile frameworks to provide a robust synopsis for high level overviews. Iterative approaches to corporate strategy foster collaborative thinking to further the overall value proposition. Organically grow the holistic world view of disruptiveLeverage agile frameworks to provide a robust synopsis for high level overviews.<\/div>\n                         \n\t\t\t\t\t\t\t\n\t\t\t\t\t\t\t<a href=\"https:\/\/maxencebacher.com\/index.php\/2018\/07\/16\/melancholy-lusting-video-post-2\/\" class=\"read-more\"> Read More  \n<span class=\"arrow flaticon-arrow-pointing-to-right\"><\/span><\/a>\n                        <\/div>\n                    <\/div>\n                <\/div>\n\t\t\t\t \t\n \t\t\t\t<div class=\"news-block-two style-two masonry-item col-md-4 col-sm-6 col-xs-12\">\n                    <div class=\"inner-box\">\n                        <div class=\"image\">\n                            <a href=\"https:\/\/maxencebacher.com\/index.php\/2018\/07\/16\/our-street-collection-in-2018-3\/\"><\/a>\n                        <\/div>\n                        <div class=\"lower-content\">\n                             <h2><a href=\"https:\/\/maxencebacher.com\/index.php\/2018\/07\/16\/our-street-collection-in-2018-3\/\">Our Street Collection In 2018<\/a><\/h2>\n                            <ul class=\"post-meta\">\n<!--Meta Author-->\t\n\t\n<li>\nBy: Maxence Bacher <\/li>\n<!--Meta Date-->\n\t\n<li>\n16 juillet 2018\n <\/li>\n\n<!--Meta Comment-->\n<li>\nAucun commentaire\t\t\t\t\t\t\t\n <\/li>\n<!--Meta Category-->\n<!--Meta Tags-->\n\t\t\t\n<\/ul>\n                            <div class=\"text\">Leverage agile frameworks to provide a robust synopsis for high level overviews. Iterative approaches to corporate strategy foster collaborative thinking to further the overall value proposition. Organically grow the holistic world view of disruptiveLeverage agile frameworks to provide a robust synopsis for high level overviews. Iterative approaches to corporate strategy ...<\/div>\n                         \n\t\t\t\t\t\t\t\n\t\t\t\t\t\t\t<a href=\"https:\/\/maxencebacher.com\/index.php\/2018\/07\/16\/our-street-collection-in-2018-3\/\" class=\"read-more\"> Read More  \n<span class=\"arrow flaticon-arrow-pointing-to-right\"><\/span><\/a>\n                        <\/div>\n                    <\/div>\n                <\/div>\n\t\t\t\t \t\n \t\t\t\t<div class=\"news-block-two style-two masonry-item col-md-4 col-sm-6 col-xs-12\">\n                    <div class=\"inner-box\">\n                        <div class=\"image\">\n                            <a href=\"https:\/\/maxencebacher.com\/index.php\/2018\/07\/16\/melancholy-lusting-video-post-3\/\"><\/a>\n                        <\/div>\n                        <div class=\"lower-content\">\n                             <h2><a href=\"https:\/\/maxencebacher.com\/index.php\/2018\/07\/16\/melancholy-lusting-video-post-3\/\">Melancholy Lusting Video Post<\/a><\/h2>\n                            <ul class=\"post-meta\">\n<!--Meta Author-->\t\n\t\n<li>\nBy: Maxence Bacher <\/li>\n<!--Meta Date-->\n\t\n<li>\n16 juillet 2018\n <\/li>\n\n<!--Meta Comment-->\n<li>\nAucun commentaire\t\t\t\t\t\t\t\n <\/li>\n<!--Meta Category-->\n<!--Meta Tags-->\n\t\t\t\n<\/ul>\n                            <div class=\"text\">Leverage agile frameworks to provide a robust synopsis for high level overviews. Iterative approaches to corporate strategy foster collaborative thinking to further the overall<\/div>\n                         \n\t\t\t\t\t\t\t\n\t\t\t\t\t\t\t<a href=\"https:\/\/maxencebacher.com\/index.php\/2018\/07\/16\/melancholy-lusting-video-post-3\/\" class=\"read-more\"> Read More  \n<span class=\"arrow flaticon-arrow-pointing-to-right\"><\/span><\/a>\n                        <\/div>\n                    <\/div>\n                <\/div>\n\t\t\t\t                         \t\t\t\t\n               \n            <\/div>\n              \t\t\t\n\t\t\t\t<div class=\"styled-pagination\">\n\t\t\t\t\t\n\t\t\t\t\t<ul class=\"pagination\">\n\t<li><span aria-current=\"page\" class=\"page-numbers current\">1<\/span><\/li>\n\t<li><a class=\"page-numbers\" href=\"https:\/\/maxencebacher.com\/index.php\/wp-json\/wp\/v2\/pages\/37\/page\/2\/\">2<\/a><\/li>\n\t<li><a class=\"next page-numbers\" href=\"https:\/\/maxencebacher.com\/index.php\/wp-json\/wp\/v2\/pages\/37\/page\/2\/\"><i class=\"fa fa-caret-right\"><\/i><\/a><\/li>\n<\/ul>\n\t\t\t\t\t\n\t\t\t\t<\/div>\n\t\t        <\/div>\n    <\/div>\n    <!--End Blog Masonry Section-->\n<\/div><\/div><\/div><\/div><\/section>\n","protected":false},"excerpt":{"rendered":"","protected":false},"author":1,"featured_media":0,"parent":0,"menu_order":0,"comment_status":"closed","ping_status":"closed","template":"tpl-king-composer.php","meta":{"footnotes":""},"yoast_head":"<!-- This site is optimized with the Yoast SEO plugin v23.5 - https:\/\/yoast.com\/wordpress\/plugins\/seo\/ -->\n<title>Blog Missionary - Maxence Bacher<\/title>\n<meta name=\"robots\" content=\"index, follow, max-snippet:-1, max-image-preview:large, max-video-preview:-1\" \/>\n<link rel=\"canonical\" href=\"https:\/\/maxencebacher.com\/index.php\/blog-missionary\/\" \/>\n<meta property=\"og:locale\" content=\"fr_FR\" \/>\n<meta property=\"og:type\" content=\"article\" \/>\n<meta property=\"og:title\" content=\"Blog Missionary - Maxence Bacher\" \/>\n<meta property=\"og:url\" content=\"https:\/\/maxencebacher.com\/index.php\/blog-missionary\/\" \/>\n<meta property=\"og:site_name\" content=\"Maxence Bacher\" \/>\n<meta name=\"twitter:card\" content=\"summary_large_image\" \/>\n<script type=\"application\/ld+json\" class=\"yoast-schema-graph\">{\"@context\":\"https:\/\/schema.org\",\"@graph\":[{\"@type\":\"WebPage\",\"@id\":\"https:\/\/maxencebacher.com\/index.php\/blog-missionary\/\",\"url\":\"https:\/\/maxencebacher.com\/index.php\/blog-missionary\/\",\"name\":\"Blog Missionary - Maxence Bacher\",\"isPartOf\":{\"@id\":\"https:\/\/maxencebacher.com\/#website\"},\"datePublished\":\"2018-07-11T08:13:10+00:00\",\"dateModified\":\"2018-07-11T08:13:10+00:00\",\"breadcrumb\":{\"@id\":\"https:\/\/maxencebacher.com\/index.php\/blog-missionary\/#breadcrumb\"},\"inLanguage\":\"fr-FR\",\"potentialAction\":[{\"@type\":\"ReadAction\",\"target\":[\"https:\/\/maxencebacher.com\/index.php\/blog-missionary\/\"]}]},{\"@type\":\"BreadcrumbList\",\"@id\":\"https:\/\/maxencebacher.com\/index.php\/blog-missionary\/#breadcrumb\",\"itemListElement\":[{\"@type\":\"ListItem\",\"position\":1,\"name\":\"Accueil\",\"item\":\"https:\/\/maxencebacher.com\/\"},{\"@type\":\"ListItem\",\"position\":2,\"name\":\"Blog Missionary\"}]},{\"@type\":\"WebSite\",\"@id\":\"https:\/\/maxencebacher.com\/#website\",\"url\":\"https:\/\/maxencebacher.com\/\",\"name\":\"Maxence Bacher\",\"description\":\"Explorez mon parcours professionnel et acad\u00e9mique.\",\"publisher\":{\"@id\":\"https:\/\/maxencebacher.com\/#\/schema\/person\/60d29cf8312fe8233224dc700569a3fb\"},\"potentialAction\":[{\"@type\":\"SearchAction\",\"target\":{\"@type\":\"EntryPoint\",\"urlTemplate\":\"https:\/\/maxencebacher.com\/?s={search_term_string}\"},\"query-input\":{\"@type\":\"PropertyValueSpecification\",\"valueRequired\":true,\"valueName\":\"search_term_string\"}}],\"inLanguage\":\"fr-FR\"},{\"@type\":[\"Person\",\"Organization\"],\"@id\":\"https:\/\/maxencebacher.com\/#\/schema\/person\/60d29cf8312fe8233224dc700569a3fb\",\"name\":\"Maxence Bacher\",\"image\":{\"@type\":\"ImageObject\",\"inLanguage\":\"fr-FR\",\"@id\":\"https:\/\/maxencebacher.com\/#\/schema\/person\/image\/\",\"url\":\"https:\/\/maxencebacher.com\/wp-content\/uploads\/2023\/11\/logo-mb-2023-08-1.png\",\"contentUrl\":\"https:\/\/maxencebacher.com\/wp-content\/uploads\/2023\/11\/logo-mb-2023-08-1.png\",\"width\":4161,\"height\":4263,\"caption\":\"Maxence Bacher\"},\"logo\":{\"@id\":\"https:\/\/maxencebacher.com\/#\/schema\/person\/image\/\"},\"description\":\"Titulaire d\u2019un Master Information communication et num\u00e9rique, ainsi que d'une formation de Chef de Projet Digital, je suis arm\u00e9 d\u2019une maitrise parfaite des enjeux et des outils de communication. En tant que responsable communication, j'ai d\u00e9velopp\u00e9 une expertise dans la cr\u00e9ation et la mise en \u0153uvre de strat\u00e9gies de communication efficaces pour des entreprises de toutes tailles et dans de nombreux secteurs. Toujours pr\u00eat \u00e0 m'enrichir personnellement et professionnellement, ma conviction profonde est que l\u2019aspiration \u00e0 apprendre et \u00e0 acqu\u00e9rir de nouvelles comp\u00e9tences en permanence est fondamentale dans un monde en perp\u00e9tuelle \u00e9volution. En somme, je consid\u00e8re la curiosit\u00e9 comme une force motrice qui nourrit ma croissance personnelle et me permet d'apporter une perspective innovante \u00e0 toutes les facettes de ma vie.\",\"sameAs\":[\"http:\/\/maxencebacher.com\",\"https:\/\/www.linkedin.com\/in\/maxencebacher\"]}]}<\/script>\n<!-- \/ Yoast SEO plugin. -->","yoast_head_json":{"title":"Blog Missionary - Maxence Bacher","robots":{"index":"index","follow":"follow","max-snippet":"max-snippet:-1","max-image-preview":"max-image-preview:large","max-video-preview":"max-video-preview:-1"},"canonical":"https:\/\/maxencebacher.com\/index.php\/blog-missionary\/","og_locale":"fr_FR","og_type":"article","og_title":"Blog Missionary - Maxence Bacher","og_url":"https:\/\/maxencebacher.com\/index.php\/blog-missionary\/","og_site_name":"Maxence Bacher","twitter_card":"summary_large_image","schema":{"@context":"https:\/\/schema.org","@graph":[{"@type":"WebPage","@id":"https:\/\/maxencebacher.com\/index.php\/blog-missionary\/","url":"https:\/\/maxencebacher.com\/index.php\/blog-missionary\/","name":"Blog Missionary - Maxence Bacher","isPartOf":{"@id":"https:\/\/maxencebacher.com\/#website"},"datePublished":"2018-07-11T08:13:10+00:00","dateModified":"2018-07-11T08:13:10+00:00","breadcrumb":{"@id":"https:\/\/maxencebacher.com\/index.php\/blog-missionary\/#breadcrumb"},"inLanguage":"fr-FR","potentialAction":[{"@type":"ReadAction","target":["https:\/\/maxencebacher.com\/index.php\/blog-missionary\/"]}]},{"@type":"BreadcrumbList","@id":"https:\/\/maxencebacher.com\/index.php\/blog-missionary\/#breadcrumb","itemListElement":[{"@type":"ListItem","position":1,"name":"Accueil","item":"https:\/\/maxencebacher.com\/"},{"@type":"ListItem","position":2,"name":"Blog Missionary"}]},{"@type":"WebSite","@id":"https:\/\/maxencebacher.com\/#website","url":"https:\/\/maxencebacher.com\/","name":"Maxence Bacher","description":"Explorez mon parcours professionnel et acad\u00e9mique.","publisher":{"@id":"https:\/\/maxencebacher.com\/#\/schema\/person\/60d29cf8312fe8233224dc700569a3fb"},"potentialAction":[{"@type":"SearchAction","target":{"@type":"EntryPoint","urlTemplate":"https:\/\/maxencebacher.com\/?s={search_term_string}"},"query-input":{"@type":"PropertyValueSpecification","valueRequired":true,"valueName":"search_term_string"}}],"inLanguage":"fr-FR"},{"@type":["Person","Organization"],"@id":"https:\/\/maxencebacher.com\/#\/schema\/person\/60d29cf8312fe8233224dc700569a3fb","name":"Maxence Bacher","image":{"@type":"ImageObject","inLanguage":"fr-FR","@id":"https:\/\/maxencebacher.com\/#\/schema\/person\/image\/","url":"https:\/\/maxencebacher.com\/wp-content\/uploads\/2023\/11\/logo-mb-2023-08-1.png","contentUrl":"https:\/\/maxencebacher.com\/wp-content\/uploads\/2023\/11\/logo-mb-2023-08-1.png","width":4161,"height":4263,"caption":"Maxence Bacher"},"logo":{"@id":"https:\/\/maxencebacher.com\/#\/schema\/person\/image\/"},"description":"Titulaire d\u2019un Master Information communication et num\u00e9rique, ainsi que d'une formation de Chef de Projet Digital, je suis arm\u00e9 d\u2019une maitrise parfaite des enjeux et des outils de communication. En tant que responsable communication, j'ai d\u00e9velopp\u00e9 une expertise dans la cr\u00e9ation et la mise en \u0153uvre de strat\u00e9gies de communication efficaces pour des entreprises de toutes tailles et dans de nombreux secteurs. Toujours pr\u00eat \u00e0 m'enrichir personnellement et professionnellement, ma conviction profonde est que l\u2019aspiration \u00e0 apprendre et \u00e0 acqu\u00e9rir de nouvelles comp\u00e9tences en permanence est fondamentale dans un monde en perp\u00e9tuelle \u00e9volution. En somme, je consid\u00e8re la curiosit\u00e9 comme une force motrice qui nourrit ma croissance personnelle et me permet d'apporter une perspective innovante \u00e0 toutes les facettes de ma vie.","sameAs":["http:\/\/maxencebacher.com","https:\/\/www.linkedin.com\/in\/maxencebacher"]}]}},"_links":{"self":[{"href":"https:\/\/maxencebacher.com\/index.php\/wp-json\/wp\/v2\/pages\/37"}],"collection":[{"href":"https:\/\/maxencebacher.com\/index.php\/wp-json\/wp\/v2\/pages"}],"about":[{"href":"https:\/\/maxencebacher.com\/index.php\/wp-json\/wp\/v2\/types\/page"}],"author":[{"embeddable":true,"href":"https:\/\/maxencebacher.com\/index.php\/wp-json\/wp\/v2\/users\/1"}],"replies":[{"embeddable":true,"href":"https:\/\/maxencebacher.com\/index.php\/wp-json\/wp\/v2\/comments?post=37"}],"version-history":[{"count":0,"href":"https:\/\/maxencebacher.com\/index.php\/wp-json\/wp\/v2\/pages\/37\/revisions"}],"wp:attachment":[{"href":"https:\/\/maxencebacher.com\/index.php\/wp-json\/wp\/v2\/media?parent=37"}],"curies":[{"name":"wp","href":"https:\/\/api.w.org\/{rel}","templated":true}]}}