{"id":15,"date":"2018-07-11T08:11:13","date_gmt":"2018-07-11T08:11:13","guid":{"rendered":"http:\/\/tonatheme.com\/m3\/bari\/?page_id=15"},"modified":"2018-07-11T08:11:13","modified_gmt":"2018-07-11T08:11:13","slug":"portfolio-fullwidth","status":"publish","type":"page","link":"https:\/\/maxencebacher.com\/index.php\/portfolio-fullwidth\/","title":{"rendered":"Portfolio Fullwidth"},"content":{"rendered":"<p><section data-kc-fullwidth=\"content\" class=\"kc-elm kc-css-998153 kc_row\"><div class=\"kc-row-container\"><div class=\"kc-wrap-columns\"><div class=\"kc-elm kc-css-725236 kc_col-sm-12 kc_column kc_col-sm-12\"><div class=\"kc-col-container\"><section class=\" page-title\">\n    \t<div class=\"icon-one\"><\/div>\n        <div class=\"icon-two\"><\/div>\n\t\t<div class=\"auto-container\">\n        \t<div class=\"icon-three\"><\/div>\n            <div class=\"icon-six\"><\/div>\n\t\t\t<div class=\"icon-five\"><\/div>\n\t\t\t<div class=\"icon-four\"><\/div>\n\t\t\t<div class=\"icon-fifteen\"><\/div>\n        \t<h2><span class=\"icon-fourten\"><\/span> <span class=\"white-color\">Port<\/span>folio 1 Column<\/h2>\n        <\/div>\n    <\/section>\n<\/div><\/div><\/div><\/div><\/section><section data-kc-fullwidth=\"content\" class=\"kc-elm kc-css-85516 kc_row\"><div class=\"kc-row-container\"><div class=\"kc-wrap-columns\">\r\n<div class=\"kc-elm kc-css-741304 kc_col-sm-12 kc_column kc_col-sm-12\"><div class=\"kc-col-container\">\t \r\n\r\n\r\n<section class=\" gallery-section-three\">\r\n    \t<div class=\"auto-container\">\r\n            <!--MixitUp Galery-->\r\n            <div class=\"mixitup-gallery\">\r\n                <!--Filter-->\r\n                <div class=\"filters clearfix\">\r\n                    <ul class=\"filter-tabs filter-btns clearfix\">\r\n                        <li class=\"active filter\" data-role=\"button\" data-filter=\"all\">All<\/li>\r\n                        \r\n\t\t\t\t\t\t\t\t\t\t\t\t\r\n\t\t\t\t\t\t<li class=\"filter\" data-role=\"button\" data-filter=\".video-5\">Video 5<\/li>\r\n                        \r\n\t\t\t\t\t\t\t\t\t\t\t\t\r\n\t\t\t\t\t\t<li class=\"filter\" data-role=\"button\" data-filter=\".uiux-5\">UI\/UX 5<\/li>\r\n                        \r\n\t\t\t\t\t\t\t\t\t\t\t\t\r\n\t\t\t\t\t\t<li class=\"filter\" data-role=\"button\" data-filter=\".planding-5\">Planding 5<\/li>\r\n                        \r\n\t\t\t\t\t\t\t\t\t\t\t\t\r\n\t\t\t\t\t\t<li class=\"filter\" data-role=\"button\" data-filter=\".mansory-5\">Mansory 5<\/li>\r\n                        \r\n\t\t\t\t\t\t                    <\/ul>\r\n                    \r\n                <\/div>\r\n                \r\n                <div class=\"filter-list clearfix\">\r\n                    \r\n\t\t\t\t\t\t\r\n           \r\n             \r\n\t\t\t \t\t\t \t\t\t \t\t\t <div class=\"gallery-item mix all video video-5 \">\r\n\t\t\t\t\t\t<div class=\"inner-box wow fadeInLeft\" data-wow-delay=\"0ms\" data-wow-duration=\"1500ms\">\r\n                            <div class=\"image\">\r\n                                                                <div class=\"overlay-box\">\r\n                                    <div class=\"overlay-inner\">\r\n                                        <div class=\"content\">\r\n                                            <a href=\"\" data-fancybox=\"gallery\" class=\"lightbox-image plus\" title=\"Image Title Here\"><span class=\"flaticon-signs\"><\/span><\/a>\r\n                                        <\/div>\r\n                                    <\/div>\r\n                                <\/div>\r\n                            <\/div>\r\n                        <\/div>\r\n                    <\/div>\r\n\t\t\t \t\t\t \t\t\t \t\t\t           \r\n\t\t\t\t\r\n           \r\n             \r\n\t\t\t \t\t\t \t\t\t \t\t\t <div class=\"gallery-item mix all video uiux-5 video-5 \">\r\n\t\t\t\t\t\t<div class=\"inner-box wow fadeInLeft\" data-wow-delay=\"0ms\" data-wow-duration=\"1500ms\">\r\n                            <div class=\"image\">\r\n                                                                <div class=\"overlay-box\">\r\n                                    <div class=\"overlay-inner\">\r\n                                        <div class=\"content\">\r\n                                            <a href=\"\" data-fancybox=\"gallery\" class=\"lightbox-image plus\" title=\"Image Title Here\"><span class=\"flaticon-signs\"><\/span><\/a>\r\n                                        <\/div>\r\n                                    <\/div>\r\n                                <\/div>\r\n                            <\/div>\r\n                        <\/div>\r\n                    <\/div>\r\n\t\t\t \t\t\t \t\t\t \t\t\t           \r\n\t\t\t\t\r\n           \r\n             \r\n\t\t\t \t\t\t \t\t\t \t\t\t <div class=\"gallery-item mix all video planding-5 \">\r\n\t\t\t\t\t\t<div class=\"inner-box wow fadeInLeft\" data-wow-delay=\"0ms\" data-wow-duration=\"1500ms\">\r\n                            <div class=\"image\">\r\n                                                                <div class=\"overlay-box\">\r\n                                    <div class=\"overlay-inner\">\r\n                                        <div class=\"content\">\r\n                                            <a href=\"\" data-fancybox=\"gallery\" class=\"lightbox-image plus\" title=\"Image Title Here\"><span class=\"flaticon-signs\"><\/span><\/a>\r\n                                        <\/div>\r\n                                    <\/div>\r\n                                <\/div>\r\n                            <\/div>\r\n                        <\/div>\r\n                    <\/div>\r\n\t\t\t \t\t\t \t\t\t \t\t\t           \r\n\t\t\t\t\r\n           \r\n             \r\n\t\t\t \t\t\t \t\t\t \t\t\t <div class=\"gallery-item mix all video mansory-5 uiux-5 \">\r\n\t\t\t\t\t\t<div class=\"inner-box wow fadeInLeft\" data-wow-delay=\"0ms\" data-wow-duration=\"1500ms\">\r\n                            <div class=\"image\">\r\n                                                                <div class=\"overlay-box\">\r\n                                    <div class=\"overlay-inner\">\r\n                                        <div class=\"content\">\r\n                                            <a href=\"\" data-fancybox=\"gallery\" class=\"lightbox-image plus\" title=\"Image Title Here\"><span class=\"flaticon-signs\"><\/span><\/a>\r\n                                        <\/div>\r\n                                    <\/div>\r\n                                <\/div>\r\n                            <\/div>\r\n                        <\/div>\r\n                    <\/div>\r\n\t\t\t \t\t\t \t\t\t \t\t\t           \r\n\t\t\t\t\r\n           \r\n             \r\n\t\t\t \t\t\t \t\t\t \t\t\t <div class=\"gallery-item mix all video mansory-5 uiux-5 \">\r\n\t\t\t\t\t\t<div class=\"inner-box wow fadeInLeft\" data-wow-delay=\"0ms\" data-wow-duration=\"1500ms\">\r\n                            <div class=\"image\">\r\n                                                                <div class=\"overlay-box\">\r\n                                    <div class=\"overlay-inner\">\r\n                                        <div class=\"content\">\r\n                                            <a href=\"\" data-fancybox=\"gallery\" class=\"lightbox-image plus\" title=\"Image Title Here\"><span class=\"flaticon-signs\"><\/span><\/a>\r\n                                        <\/div>\r\n                                    <\/div>\r\n                                <\/div>\r\n                            <\/div>\r\n                        <\/div>\r\n                    <\/div>\r\n\t\t\t \t\t\t \t\t\t \t\t\t           \r\n  \r\n                <\/div>\r\n            <\/div>\r\n            \r\n        <\/div>\r\n    <\/section> \r\n\t\t\t\r\n\t\t\t\t<\/div><\/div><\/div><\/div><\/section><\/p>\n","protected":false},"excerpt":{"rendered":"","protected":false},"author":1,"featured_media":0,"parent":0,"menu_order":0,"comment_status":"closed","ping_status":"closed","template":"tpl-king-composer.php","meta":{"footnotes":""},"yoast_head":"<!-- This site is optimized with the Yoast SEO plugin v23.5 - https:\/\/yoast.com\/wordpress\/plugins\/seo\/ -->\n<title>Portfolio Fullwidth - Maxence Bacher<\/title>\n<meta name=\"robots\" content=\"index, follow, max-snippet:-1, max-image-preview:large, max-video-preview:-1\" \/>\n<link rel=\"canonical\" href=\"https:\/\/maxencebacher.com\/index.php\/portfolio-fullwidth\/\" \/>\n<meta property=\"og:locale\" content=\"fr_FR\" \/>\n<meta property=\"og:type\" content=\"article\" \/>\n<meta property=\"og:title\" content=\"Portfolio Fullwidth - Maxence Bacher\" \/>\n<meta property=\"og:url\" content=\"https:\/\/maxencebacher.com\/index.php\/portfolio-fullwidth\/\" \/>\n<meta property=\"og:site_name\" content=\"Maxence Bacher\" \/>\n<meta name=\"twitter:card\" content=\"summary_large_image\" \/>\n<script type=\"application\/ld+json\" class=\"yoast-schema-graph\">{\"@context\":\"https:\/\/schema.org\",\"@graph\":[{\"@type\":\"WebPage\",\"@id\":\"https:\/\/maxencebacher.com\/index.php\/portfolio-fullwidth\/\",\"url\":\"https:\/\/maxencebacher.com\/index.php\/portfolio-fullwidth\/\",\"name\":\"Portfolio Fullwidth - Maxence Bacher\",\"isPartOf\":{\"@id\":\"https:\/\/maxencebacher.com\/#website\"},\"datePublished\":\"2018-07-11T08:11:13+00:00\",\"dateModified\":\"2018-07-11T08:11:13+00:00\",\"breadcrumb\":{\"@id\":\"https:\/\/maxencebacher.com\/index.php\/portfolio-fullwidth\/#breadcrumb\"},\"inLanguage\":\"fr-FR\",\"potentialAction\":[{\"@type\":\"ReadAction\",\"target\":[\"https:\/\/maxencebacher.com\/index.php\/portfolio-fullwidth\/\"]}]},{\"@type\":\"BreadcrumbList\",\"@id\":\"https:\/\/maxencebacher.com\/index.php\/portfolio-fullwidth\/#breadcrumb\",\"itemListElement\":[{\"@type\":\"ListItem\",\"position\":1,\"name\":\"Accueil\",\"item\":\"https:\/\/maxencebacher.com\/\"},{\"@type\":\"ListItem\",\"position\":2,\"name\":\"Portfolio Fullwidth\"}]},{\"@type\":\"WebSite\",\"@id\":\"https:\/\/maxencebacher.com\/#website\",\"url\":\"https:\/\/maxencebacher.com\/\",\"name\":\"Maxence Bacher\",\"description\":\"Explorez mon parcours professionnel et acad\u00e9mique.\",\"publisher\":{\"@id\":\"https:\/\/maxencebacher.com\/#\/schema\/person\/60d29cf8312fe8233224dc700569a3fb\"},\"potentialAction\":[{\"@type\":\"SearchAction\",\"target\":{\"@type\":\"EntryPoint\",\"urlTemplate\":\"https:\/\/maxencebacher.com\/?s={search_term_string}\"},\"query-input\":{\"@type\":\"PropertyValueSpecification\",\"valueRequired\":true,\"valueName\":\"search_term_string\"}}],\"inLanguage\":\"fr-FR\"},{\"@type\":[\"Person\",\"Organization\"],\"@id\":\"https:\/\/maxencebacher.com\/#\/schema\/person\/60d29cf8312fe8233224dc700569a3fb\",\"name\":\"Maxence Bacher\",\"image\":{\"@type\":\"ImageObject\",\"inLanguage\":\"fr-FR\",\"@id\":\"https:\/\/maxencebacher.com\/#\/schema\/person\/image\/\",\"url\":\"https:\/\/maxencebacher.com\/wp-content\/uploads\/2023\/11\/logo-mb-2023-08-1.png\",\"contentUrl\":\"https:\/\/maxencebacher.com\/wp-content\/uploads\/2023\/11\/logo-mb-2023-08-1.png\",\"width\":4161,\"height\":4263,\"caption\":\"Maxence Bacher\"},\"logo\":{\"@id\":\"https:\/\/maxencebacher.com\/#\/schema\/person\/image\/\"},\"description\":\"Titulaire d\u2019un Master Information communication et num\u00e9rique, ainsi que d'une formation de Chef de Projet Digital, je suis arm\u00e9 d\u2019une maitrise parfaite des enjeux et des outils de communication. En tant que responsable communication, j'ai d\u00e9velopp\u00e9 une expertise dans la cr\u00e9ation et la mise en \u0153uvre de strat\u00e9gies de communication efficaces pour des entreprises de toutes tailles et dans de nombreux secteurs. Toujours pr\u00eat \u00e0 m'enrichir personnellement et professionnellement, ma conviction profonde est que l\u2019aspiration \u00e0 apprendre et \u00e0 acqu\u00e9rir de nouvelles comp\u00e9tences en permanence est fondamentale dans un monde en perp\u00e9tuelle \u00e9volution. En somme, je consid\u00e8re la curiosit\u00e9 comme une force motrice qui nourrit ma croissance personnelle et me permet d'apporter une perspective innovante \u00e0 toutes les facettes de ma vie.\",\"sameAs\":[\"http:\/\/maxencebacher.com\",\"https:\/\/www.linkedin.com\/in\/maxencebacher\"]}]}<\/script>\n<!-- \/ Yoast SEO plugin. -->","yoast_head_json":{"title":"Portfolio Fullwidth - Maxence Bacher","robots":{"index":"index","follow":"follow","max-snippet":"max-snippet:-1","max-image-preview":"max-image-preview:large","max-video-preview":"max-video-preview:-1"},"canonical":"https:\/\/maxencebacher.com\/index.php\/portfolio-fullwidth\/","og_locale":"fr_FR","og_type":"article","og_title":"Portfolio Fullwidth - Maxence Bacher","og_url":"https:\/\/maxencebacher.com\/index.php\/portfolio-fullwidth\/","og_site_name":"Maxence Bacher","twitter_card":"summary_large_image","schema":{"@context":"https:\/\/schema.org","@graph":[{"@type":"WebPage","@id":"https:\/\/maxencebacher.com\/index.php\/portfolio-fullwidth\/","url":"https:\/\/maxencebacher.com\/index.php\/portfolio-fullwidth\/","name":"Portfolio Fullwidth - Maxence Bacher","isPartOf":{"@id":"https:\/\/maxencebacher.com\/#website"},"datePublished":"2018-07-11T08:11:13+00:00","dateModified":"2018-07-11T08:11:13+00:00","breadcrumb":{"@id":"https:\/\/maxencebacher.com\/index.php\/portfolio-fullwidth\/#breadcrumb"},"inLanguage":"fr-FR","potentialAction":[{"@type":"ReadAction","target":["https:\/\/maxencebacher.com\/index.php\/portfolio-fullwidth\/"]}]},{"@type":"BreadcrumbList","@id":"https:\/\/maxencebacher.com\/index.php\/portfolio-fullwidth\/#breadcrumb","itemListElement":[{"@type":"ListItem","position":1,"name":"Accueil","item":"https:\/\/maxencebacher.com\/"},{"@type":"ListItem","position":2,"name":"Portfolio Fullwidth"}]},{"@type":"WebSite","@id":"https:\/\/maxencebacher.com\/#website","url":"https:\/\/maxencebacher.com\/","name":"Maxence Bacher","description":"Explorez mon parcours professionnel et acad\u00e9mique.","publisher":{"@id":"https:\/\/maxencebacher.com\/#\/schema\/person\/60d29cf8312fe8233224dc700569a3fb"},"potentialAction":[{"@type":"SearchAction","target":{"@type":"EntryPoint","urlTemplate":"https:\/\/maxencebacher.com\/?s={search_term_string}"},"query-input":{"@type":"PropertyValueSpecification","valueRequired":true,"valueName":"search_term_string"}}],"inLanguage":"fr-FR"},{"@type":["Person","Organization"],"@id":"https:\/\/maxencebacher.com\/#\/schema\/person\/60d29cf8312fe8233224dc700569a3fb","name":"Maxence Bacher","image":{"@type":"ImageObject","inLanguage":"fr-FR","@id":"https:\/\/maxencebacher.com\/#\/schema\/person\/image\/","url":"https:\/\/maxencebacher.com\/wp-content\/uploads\/2023\/11\/logo-mb-2023-08-1.png","contentUrl":"https:\/\/maxencebacher.com\/wp-content\/uploads\/2023\/11\/logo-mb-2023-08-1.png","width":4161,"height":4263,"caption":"Maxence Bacher"},"logo":{"@id":"https:\/\/maxencebacher.com\/#\/schema\/person\/image\/"},"description":"Titulaire d\u2019un Master Information communication et num\u00e9rique, ainsi que d'une formation de Chef de Projet Digital, je suis arm\u00e9 d\u2019une maitrise parfaite des enjeux et des outils de communication. En tant que responsable communication, j'ai d\u00e9velopp\u00e9 une expertise dans la cr\u00e9ation et la mise en \u0153uvre de strat\u00e9gies de communication efficaces pour des entreprises de toutes tailles et dans de nombreux secteurs. Toujours pr\u00eat \u00e0 m'enrichir personnellement et professionnellement, ma conviction profonde est que l\u2019aspiration \u00e0 apprendre et \u00e0 acqu\u00e9rir de nouvelles comp\u00e9tences en permanence est fondamentale dans un monde en perp\u00e9tuelle \u00e9volution. En somme, je consid\u00e8re la curiosit\u00e9 comme une force motrice qui nourrit ma croissance personnelle et me permet d'apporter une perspective innovante \u00e0 toutes les facettes de ma vie.","sameAs":["http:\/\/maxencebacher.com","https:\/\/www.linkedin.com\/in\/maxencebacher"]}]}},"_links":{"self":[{"href":"https:\/\/maxencebacher.com\/index.php\/wp-json\/wp\/v2\/pages\/15"}],"collection":[{"href":"https:\/\/maxencebacher.com\/index.php\/wp-json\/wp\/v2\/pages"}],"about":[{"href":"https:\/\/maxencebacher.com\/index.php\/wp-json\/wp\/v2\/types\/page"}],"author":[{"embeddable":true,"href":"https:\/\/maxencebacher.com\/index.php\/wp-json\/wp\/v2\/users\/1"}],"replies":[{"embeddable":true,"href":"https:\/\/maxencebacher.com\/index.php\/wp-json\/wp\/v2\/comments?post=15"}],"version-history":[{"count":0,"href":"https:\/\/maxencebacher.com\/index.php\/wp-json\/wp\/v2\/pages\/15\/revisions"}],"wp:attachment":[{"href":"https:\/\/maxencebacher.com\/index.php\/wp-json\/wp\/v2\/media?parent=15"}],"curies":[{"name":"wp","href":"https:\/\/api.w.org\/{rel}","templated":true}]}}